{"id":37836,"date":"2025-12-03T10:41:47","date_gmt":"2025-12-03T10:41:47","guid":{"rendered":"https:\/\/jamhra.com\/fr\/livres\/europa-notre-histoire\/"},"modified":"2025-12-03T10:41:47","modified_gmt":"2025-12-03T10:41:47","slug":"europa-notre-histoire","status":"publish","type":"product","link":"https:\/\/jamhra.com\/fr\/livre\/europa-notre-histoire\/","title":{"rendered":"Europa : Notre histoire"},"content":{"rendered":"","protected":false},"excerpt":{"rendered":"<p>Une fresque monumentale qui explore l&rsquo;identit\u00e9 europ\u00e9enne \u00e0 travers ses lieux de m\u00e9moire et ses h\u00e9ritages multiples. Cet ouvrage collectif offre une lecture in\u00e9dite de l&rsquo;histoire du continent, de l&rsquo;Antiquit\u00e9 \u00e0 nos jours.<\/p>\n","protected":false},"featured_media":0,"comment_status":"open","ping_status":"closed","template":"","meta":[],"product_brand":[],"product_cat":[202],"product_tag":[],"auteurs":[761],"class_list":["post-37836","product","type-product","status-publish","product_cat-histoire-politique-2","auteurs-etienne-francois-thomas-serrier","first","instock","sale","shipping-taxable","purchasable","product-type-simple"],"_links":{"self":[{"href":"https:\/\/jamhra.com\/fr\/wp-json\/wp\/v2\/product\/37836","targetHints":{"allow":["GET"]}}],"collection":[{"href":"https:\/\/jamhra.com\/fr\/wp-json\/wp\/v2\/product"}],"about":[{"href":"https:\/\/jamhra.com\/fr\/wp-json\/wp\/v2\/types\/product"}],"replies":[{"embeddable":true,"href":"https:\/\/jamhra.com\/fr\/wp-json\/wp\/v2\/comments?post=37836"}],"wp:attachment":[{"href":"https:\/\/jamhra.com\/fr\/wp-json\/wp\/v2\/media?parent=37836"}],"wp:term":[{"taxonomy":"product_brand","embeddable":true,"href":"https:\/\/jamhra.com\/fr\/wp-json\/wp\/v2\/product_brand?post=37836"},{"taxonomy":"product_cat","embeddable":true,"href":"https:\/\/jamhra.com\/fr\/wp-json\/wp\/v2\/product_cat?post=37836"},{"taxonomy":"product_tag","embeddable":true,"href":"https:\/\/jamhra.com\/fr\/wp-json\/wp\/v2\/product_tag?post=37836"},{"taxonomy":"auteurs","embeddable":true,"href":"https:\/\/jamhra.com\/fr\/wp-json\/wp\/v2\/auteurs?post=37836"}],"curies":[{"name":"wp","href":"https:\/\/api.w.org\/{rel}","templated":true}]}}

<p>Une fresque monumentale qui explore l&rsquo;identité européenne à travers ses lieux de mémoire et ses héritages multiples. Cet ouvrage collectif offre une lecture inédite de l&rsquo;histoire du continent, de l&rsquo;Antiquité à nos jours.</p>
