{"id":37800,"date":"2025-12-03T10:41:36","date_gmt":"2025-12-03T10:41:36","guid":{"rendered":"https:\/\/jamhra.com\/fr\/livres\/la-face-cachee-de-lecole\/"},"modified":"2025-12-03T10:41:36","modified_gmt":"2025-12-03T10:41:36","slug":"la-face-cachee-de-lecole","status":"publish","type":"product","link":"https:\/\/jamhra.com\/fr\/livre\/la-face-cachee-de-lecole\/","title":{"rendered":"La Face cach\u00e9e de l&rsquo;\u00e9cole"},"content":{"rendered":"","protected":false},"excerpt":{"rendered":"<p>Un essai critique qui examine les coulisses du syst\u00e8me \u00e9ducatif et ses dysfonctionnements souvent ignor\u00e9s. L&rsquo;auteur invite \u00e0 une r\u00e9flexion profonde sur les enjeux p\u00e9dagogiques et sociaux qui fa\u00e7onnent l&rsquo;\u00e9cole d&rsquo;aujourd&rsquo;hui.<\/p>\n","protected":false},"featured_media":0,"comment_status":"open","ping_status":"closed","template":"","meta":[],"product_brand":[],"product_cat":[170],"product_tag":[],"auteurs":[740],"class_list":["post-37800","product","type-product","status-publish","product_cat-histoire-politique","auteurs-arnauld-de-tocquesaint","first","instock","sale","shipping-taxable","purchasable","product-type-simple"],"_links":{"self":[{"href":"https:\/\/jamhra.com\/fr\/wp-json\/wp\/v2\/product\/37800","targetHints":{"allow":["GET"]}}],"collection":[{"href":"https:\/\/jamhra.com\/fr\/wp-json\/wp\/v2\/product"}],"about":[{"href":"https:\/\/jamhra.com\/fr\/wp-json\/wp\/v2\/types\/product"}],"replies":[{"embeddable":true,"href":"https:\/\/jamhra.com\/fr\/wp-json\/wp\/v2\/comments?post=37800"}],"wp:attachment":[{"href":"https:\/\/jamhra.com\/fr\/wp-json\/wp\/v2\/media?parent=37800"}],"wp:term":[{"taxonomy":"product_brand","embeddable":true,"href":"https:\/\/jamhra.com\/fr\/wp-json\/wp\/v2\/product_brand?post=37800"},{"taxonomy":"product_cat","embeddable":true,"href":"https:\/\/jamhra.com\/fr\/wp-json\/wp\/v2\/product_cat?post=37800"},{"taxonomy":"product_tag","embeddable":true,"href":"https:\/\/jamhra.com\/fr\/wp-json\/wp\/v2\/product_tag?post=37800"},{"taxonomy":"auteurs","embeddable":true,"href":"https:\/\/jamhra.com\/fr\/wp-json\/wp\/v2\/auteurs?post=37800"}],"curies":[{"name":"wp","href":"https:\/\/api.w.org\/{rel}","templated":true}]}}

La Face cachée de l&rsquo;école

<p>Un essai critique qui examine les coulisses du système éducatif et ses dysfonctionnements souvent ignorés. L&rsquo;auteur invite à une réflexion profonde sur les enjeux pédagogiques et sociaux qui façonnent l&rsquo;école d&rsquo;aujourd&rsquo;hui.</p>
