{"id":37761,"date":"2025-12-03T10:41:23","date_gmt":"2025-12-03T10:41:23","guid":{"rendered":"https:\/\/jamhra.com\/fr\/livres\/ne-le-dis-pas-a-maman\/"},"modified":"2025-12-03T10:41:23","modified_gmt":"2025-12-03T10:41:23","slug":"ne-le-dis-pas-a-maman","status":"publish","type":"product","link":"https:\/\/jamhra.com\/fr\/livre\/ne-le-dis-pas-a-maman\/","title":{"rendered":"Ne le dis pas \u00e0 maman"},"content":{"rendered":"","protected":false},"excerpt":{"rendered":"<p>Le r\u00e9cit autobiographique d\u00e9chirant d&rsquo;une enfance vol\u00e9e par l&rsquo;inceste et le silence complice d&rsquo;une m\u00e8re. Ce livre courageux brise les tabous et t\u00e9moigne de la force de r\u00e9silience d&rsquo;une survivante.<\/p>\n","protected":false},"featured_media":0,"comment_status":"open","ping_status":"closed","template":"","meta":[],"product_brand":[],"product_cat":[658],"product_tag":[],"auteurs":[718],"class_list":["post-37761","product","type-product","status-publish","product_cat-biographies","auteurs-toni-maguire","first","instock","sale","shipping-taxable","purchasable","product-type-simple"],"_links":{"self":[{"href":"https:\/\/jamhra.com\/fr\/wp-json\/wp\/v2\/product\/37761","targetHints":{"allow":["GET"]}}],"collection":[{"href":"https:\/\/jamhra.com\/fr\/wp-json\/wp\/v2\/product"}],"about":[{"href":"https:\/\/jamhra.com\/fr\/wp-json\/wp\/v2\/types\/product"}],"replies":[{"embeddable":true,"href":"https:\/\/jamhra.com\/fr\/wp-json\/wp\/v2\/comments?post=37761"}],"wp:attachment":[{"href":"https:\/\/jamhra.com\/fr\/wp-json\/wp\/v2\/media?parent=37761"}],"wp:term":[{"taxonomy":"product_brand","embeddable":true,"href":"https:\/\/jamhra.com\/fr\/wp-json\/wp\/v2\/product_brand?post=37761"},{"taxonomy":"product_cat","embeddable":true,"href":"https:\/\/jamhra.com\/fr\/wp-json\/wp\/v2\/product_cat?post=37761"},{"taxonomy":"product_tag","embeddable":true,"href":"https:\/\/jamhra.com\/fr\/wp-json\/wp\/v2\/product_tag?post=37761"},{"taxonomy":"auteurs","embeddable":true,"href":"https:\/\/jamhra.com\/fr\/wp-json\/wp\/v2\/auteurs?post=37761"}],"curies":[{"name":"wp","href":"https:\/\/api.w.org\/{rel}","templated":true}]}}

Ne le dis pas à maman

<p>Le récit autobiographique déchirant d&rsquo;une enfance volée par l&rsquo;inceste et le silence complice d&rsquo;une mère. Ce livre courageux brise les tabous et témoigne de la force de résilience d&rsquo;une survivante.</p>
