{"id":37699,"date":"2025-12-03T10:41:02","date_gmt":"2025-12-03T10:41:02","guid":{"rendered":"https:\/\/jamhra.com\/fr\/livres\/dans-quelle-france-on-vit\/"},"modified":"2025-12-03T10:41:02","modified_gmt":"2025-12-03T10:41:02","slug":"dans-quelle-france-on-vit","status":"publish","type":"product","link":"https:\/\/jamhra.com\/fr\/livre\/dans-quelle-france-on-vit\/","title":{"rendered":"Dans quelle France on vit"},"content":{"rendered":"","protected":false},"excerpt":{"rendered":"<p>Une analyse lucide et personnelle de la soci\u00e9t\u00e9 fran\u00e7aise contemporaine, marqu\u00e9e par ses crises et ses doutes. Anne Sinclair explore les fractures politiques et sociales tout en cherchant des motifs d&rsquo;espoir pour l&rsquo;avenir.<\/p>\n","protected":false},"featured_media":0,"comment_status":"open","ping_status":"closed","template":"","meta":[],"product_brand":[],"product_cat":[202],"product_tag":[],"auteurs":[682],"class_list":["post-37699","product","type-product","status-publish","product_cat-histoire-politique-2","auteurs-anne-sinclair","first","instock","sale","shipping-taxable","purchasable","product-type-simple"],"_links":{"self":[{"href":"https:\/\/jamhra.com\/fr\/wp-json\/wp\/v2\/product\/37699","targetHints":{"allow":["GET"]}}],"collection":[{"href":"https:\/\/jamhra.com\/fr\/wp-json\/wp\/v2\/product"}],"about":[{"href":"https:\/\/jamhra.com\/fr\/wp-json\/wp\/v2\/types\/product"}],"replies":[{"embeddable":true,"href":"https:\/\/jamhra.com\/fr\/wp-json\/wp\/v2\/comments?post=37699"}],"wp:attachment":[{"href":"https:\/\/jamhra.com\/fr\/wp-json\/wp\/v2\/media?parent=37699"}],"wp:term":[{"taxonomy":"product_brand","embeddable":true,"href":"https:\/\/jamhra.com\/fr\/wp-json\/wp\/v2\/product_brand?post=37699"},{"taxonomy":"product_cat","embeddable":true,"href":"https:\/\/jamhra.com\/fr\/wp-json\/wp\/v2\/product_cat?post=37699"},{"taxonomy":"product_tag","embeddable":true,"href":"https:\/\/jamhra.com\/fr\/wp-json\/wp\/v2\/product_tag?post=37699"},{"taxonomy":"auteurs","embeddable":true,"href":"https:\/\/jamhra.com\/fr\/wp-json\/wp\/v2\/auteurs?post=37699"}],"curies":[{"name":"wp","href":"https:\/\/api.w.org\/{rel}","templated":true}]}}

<p>Une analyse lucide et personnelle de la société française contemporaine, marquée par ses crises et ses doutes. Anne Sinclair explore les fractures politiques et sociales tout en cherchant des motifs d&rsquo;espoir pour l&rsquo;avenir.</p>
