{"id":37672,"date":"2025-12-03T10:40:52","date_gmt":"2025-12-03T10:40:52","guid":{"rendered":"https:\/\/jamhra.com\/fr\/livres\/les-miserables-tome-1\/"},"modified":"2025-12-03T10:40:52","modified_gmt":"2025-12-03T10:40:52","slug":"les-miserables-tome-1","status":"publish","type":"product","link":"https:\/\/jamhra.com\/fr\/livre\/les-miserables-tome-1\/","title":{"rendered":"Les Mis\u00e9rables &#8211; Tome 1"},"content":{"rendered":"","protected":false},"excerpt":{"rendered":"<p>D\u00e9couvrez le destin poignant de Jean Valjean dans ce chef-d&rsquo;\u0153uvre intemporel de la litt\u00e9rature fran\u00e7aise. Ce premier tome pose les bases d&rsquo;une fresque sociale et historique inoubliable sur la justice et la r\u00e9demption.<\/p>\n","protected":false},"featured_media":0,"comment_status":"open","ping_status":"closed","template":"","meta":[],"product_brand":[],"product_cat":[76],"product_tag":[],"auteurs":[429],"class_list":["post-37672","product","type-product","status-publish","product_cat-litterature-classique","auteurs-victor-hugo","first","instock","sale","shipping-taxable","purchasable","product-type-simple"],"_links":{"self":[{"href":"https:\/\/jamhra.com\/fr\/wp-json\/wp\/v2\/product\/37672","targetHints":{"allow":["GET"]}}],"collection":[{"href":"https:\/\/jamhra.com\/fr\/wp-json\/wp\/v2\/product"}],"about":[{"href":"https:\/\/jamhra.com\/fr\/wp-json\/wp\/v2\/types\/product"}],"replies":[{"embeddable":true,"href":"https:\/\/jamhra.com\/fr\/wp-json\/wp\/v2\/comments?post=37672"}],"wp:attachment":[{"href":"https:\/\/jamhra.com\/fr\/wp-json\/wp\/v2\/media?parent=37672"}],"wp:term":[{"taxonomy":"product_brand","embeddable":true,"href":"https:\/\/jamhra.com\/fr\/wp-json\/wp\/v2\/product_brand?post=37672"},{"taxonomy":"product_cat","embeddable":true,"href":"https:\/\/jamhra.com\/fr\/wp-json\/wp\/v2\/product_cat?post=37672"},{"taxonomy":"product_tag","embeddable":true,"href":"https:\/\/jamhra.com\/fr\/wp-json\/wp\/v2\/product_tag?post=37672"},{"taxonomy":"auteurs","embeddable":true,"href":"https:\/\/jamhra.com\/fr\/wp-json\/wp\/v2\/auteurs?post=37672"}],"curies":[{"name":"wp","href":"https:\/\/api.w.org\/{rel}","templated":true}]}}

Les Misérables &#8211; Tome 1

<p>Découvrez le destin poignant de Jean Valjean dans ce chef-d&rsquo;œuvre intemporel de la littérature française. Ce premier tome pose les bases d&rsquo;une fresque sociale et historique inoubliable sur la justice et la rédemption.</p>
