{"id":37654,"date":"2025-12-03T10:40:45","date_gmt":"2025-12-03T10:40:45","guid":{"rendered":"https:\/\/jamhra.com\/fr\/livres\/mein-kampf-mon-combat\/"},"modified":"2025-12-03T10:40:45","modified_gmt":"2025-12-03T10:40:45","slug":"mein-kampf-mon-combat","status":"publish","type":"product","link":"https:\/\/jamhra.com\/fr\/livre\/mein-kampf-mon-combat\/","title":{"rendered":"Mein Kampf : Mon combat"},"content":{"rendered":"","protected":false},"excerpt":{"rendered":"<p>Un document historique controvers\u00e9 permettant d&rsquo;\u00e9tudier les id\u00e9ologies politiques du XXe si\u00e8cle. Cette \u00e9dition est destin\u00e9e \u00e0 un public averti dans un but purement documentaire et p\u00e9dagogique.<\/p>\n","protected":false},"featured_media":0,"comment_status":"open","ping_status":"closed","template":"","meta":[],"product_brand":[],"product_cat":[202],"product_tag":[],"auteurs":[417],"class_list":["post-37654","product","type-product","status-publish","product_cat-histoire-politique-2","auteurs-adolf-hitler","first","instock","sale","shipping-taxable","purchasable","product-type-simple"],"_links":{"self":[{"href":"https:\/\/jamhra.com\/fr\/wp-json\/wp\/v2\/product\/37654","targetHints":{"allow":["GET"]}}],"collection":[{"href":"https:\/\/jamhra.com\/fr\/wp-json\/wp\/v2\/product"}],"about":[{"href":"https:\/\/jamhra.com\/fr\/wp-json\/wp\/v2\/types\/product"}],"replies":[{"embeddable":true,"href":"https:\/\/jamhra.com\/fr\/wp-json\/wp\/v2\/comments?post=37654"}],"wp:attachment":[{"href":"https:\/\/jamhra.com\/fr\/wp-json\/wp\/v2\/media?parent=37654"}],"wp:term":[{"taxonomy":"product_brand","embeddable":true,"href":"https:\/\/jamhra.com\/fr\/wp-json\/wp\/v2\/product_brand?post=37654"},{"taxonomy":"product_cat","embeddable":true,"href":"https:\/\/jamhra.com\/fr\/wp-json\/wp\/v2\/product_cat?post=37654"},{"taxonomy":"product_tag","embeddable":true,"href":"https:\/\/jamhra.com\/fr\/wp-json\/wp\/v2\/product_tag?post=37654"},{"taxonomy":"auteurs","embeddable":true,"href":"https:\/\/jamhra.com\/fr\/wp-json\/wp\/v2\/auteurs?post=37654"}],"curies":[{"name":"wp","href":"https:\/\/api.w.org\/{rel}","templated":true}]}}

<p>Un document historique controversé permettant d&rsquo;étudier les idéologies politiques du XXe siècle. Cette édition est destinée à un public averti dans un but purement documentaire et pédagogique.</p>
