{"id":37564,"date":"2025-12-03T10:40:15","date_gmt":"2025-12-03T10:40:15","guid":{"rendered":"https:\/\/jamhra.com\/fr\/livres\/le-vent-en-parle-encore\/"},"modified":"2025-12-03T10:40:15","modified_gmt":"2025-12-03T10:40:15","slug":"le-vent-en-parle-encore","status":"publish","type":"product","link":"https:\/\/jamhra.com\/fr\/livre\/le-vent-en-parle-encore\/","title":{"rendered":"Le vent en parle encore"},"content":{"rendered":"","protected":false},"excerpt":{"rendered":"<p>Ce roman poignant raconte l&rsquo;histoire de trois jeunes autochtones arrach\u00e9s \u00e0 leurs familles pour \u00eatre envoy\u00e9s dans les pensionnats. \u00c0 travers le combat d&rsquo;une avocate pour la v\u00e9rit\u00e9, l&rsquo;auteur l\u00e8ve le voile sur un chapitre sombre de l&rsquo;histoire canadienne.<\/p>\n","protected":false},"featured_media":0,"comment_status":"open","ping_status":"closed","template":"","meta":[],"product_brand":[],"product_cat":[234],"product_tag":[],"auteurs":[377],"class_list":["post-37564","product","type-product","status-publish","product_cat-romans-contemporains-2","auteurs-michel-jean","first","instock","sale","shipping-taxable","purchasable","product-type-simple"],"_links":{"self":[{"href":"https:\/\/jamhra.com\/fr\/wp-json\/wp\/v2\/product\/37564","targetHints":{"allow":["GET"]}}],"collection":[{"href":"https:\/\/jamhra.com\/fr\/wp-json\/wp\/v2\/product"}],"about":[{"href":"https:\/\/jamhra.com\/fr\/wp-json\/wp\/v2\/types\/product"}],"replies":[{"embeddable":true,"href":"https:\/\/jamhra.com\/fr\/wp-json\/wp\/v2\/comments?post=37564"}],"wp:attachment":[{"href":"https:\/\/jamhra.com\/fr\/wp-json\/wp\/v2\/media?parent=37564"}],"wp:term":[{"taxonomy":"product_brand","embeddable":true,"href":"https:\/\/jamhra.com\/fr\/wp-json\/wp\/v2\/product_brand?post=37564"},{"taxonomy":"product_cat","embeddable":true,"href":"https:\/\/jamhra.com\/fr\/wp-json\/wp\/v2\/product_cat?post=37564"},{"taxonomy":"product_tag","embeddable":true,"href":"https:\/\/jamhra.com\/fr\/wp-json\/wp\/v2\/product_tag?post=37564"},{"taxonomy":"auteurs","embeddable":true,"href":"https:\/\/jamhra.com\/fr\/wp-json\/wp\/v2\/auteurs?post=37564"}],"curies":[{"name":"wp","href":"https:\/\/api.w.org\/{rel}","templated":true}]}}

<p>Ce roman poignant raconte l&rsquo;histoire de trois jeunes autochtones arrachés à leurs familles pour être envoyés dans les pensionnats. À travers le combat d&rsquo;une avocate pour la vérité, l&rsquo;auteur lève le voile sur un chapitre sombre de l&rsquo;histoire canadienne.</p>
