{"id":37563,"date":"2025-12-03T10:40:14","date_gmt":"2025-12-03T10:40:14","guid":{"rendered":"https:\/\/jamhra.com\/fr\/livres\/les-rayons-et-les-ombres\/"},"modified":"2025-12-03T10:40:14","modified_gmt":"2025-12-03T10:40:14","slug":"les-rayons-et-les-ombres","status":"publish","type":"product","link":"https:\/\/jamhra.com\/fr\/livre\/les-rayons-et-les-ombres\/","title":{"rendered":"Les Rayons et les Ombres"},"content":{"rendered":"","protected":false},"excerpt":{"rendered":"<p>Ce recueil de po\u00e8mes refl\u00e8te la maturit\u00e9 de Victor Hugo, m\u00ealant contemplation de la nature, souvenirs d&rsquo;enfance et engagement social. L&rsquo;\u0153uvre illustre la fonction du po\u00e8te comme guide de l&rsquo;humanit\u00e9, \u00e9clairant les zones d&rsquo;ombre de la soci\u00e9t\u00e9.<\/p>\n","protected":false},"featured_media":0,"comment_status":"open","ping_status":"closed","template":"","meta":[],"product_brand":[],"product_cat":[76],"product_tag":[],"auteurs":[429],"class_list":["post-37563","product","type-product","status-publish","product_cat-litterature-classique","auteurs-victor-hugo","first","instock","sale","shipping-taxable","purchasable","product-type-simple"],"_links":{"self":[{"href":"https:\/\/jamhra.com\/fr\/wp-json\/wp\/v2\/product\/37563","targetHints":{"allow":["GET"]}}],"collection":[{"href":"https:\/\/jamhra.com\/fr\/wp-json\/wp\/v2\/product"}],"about":[{"href":"https:\/\/jamhra.com\/fr\/wp-json\/wp\/v2\/types\/product"}],"replies":[{"embeddable":true,"href":"https:\/\/jamhra.com\/fr\/wp-json\/wp\/v2\/comments?post=37563"}],"wp:attachment":[{"href":"https:\/\/jamhra.com\/fr\/wp-json\/wp\/v2\/media?parent=37563"}],"wp:term":[{"taxonomy":"product_brand","embeddable":true,"href":"https:\/\/jamhra.com\/fr\/wp-json\/wp\/v2\/product_brand?post=37563"},{"taxonomy":"product_cat","embeddable":true,"href":"https:\/\/jamhra.com\/fr\/wp-json\/wp\/v2\/product_cat?post=37563"},{"taxonomy":"product_tag","embeddable":true,"href":"https:\/\/jamhra.com\/fr\/wp-json\/wp\/v2\/product_tag?post=37563"},{"taxonomy":"auteurs","embeddable":true,"href":"https:\/\/jamhra.com\/fr\/wp-json\/wp\/v2\/auteurs?post=37563"}],"curies":[{"name":"wp","href":"https:\/\/api.w.org\/{rel}","templated":true}]}}

<p>Ce recueil de poèmes reflète la maturité de Victor Hugo, mêlant contemplation de la nature, souvenirs d&rsquo;enfance et engagement social. L&rsquo;œuvre illustre la fonction du poète comme guide de l&rsquo;humanité, éclairant les zones d&rsquo;ombre de la société.</p>
