{"id":37539,"date":"2025-12-03T10:40:06","date_gmt":"2025-12-03T10:40:06","guid":{"rendered":"https:\/\/jamhra.com\/fr\/livres\/la-ficelle\/"},"modified":"2025-12-03T10:40:06","modified_gmt":"2025-12-03T10:40:06","slug":"la-ficelle","status":"publish","type":"product","link":"https:\/\/jamhra.com\/fr\/livre\/la-ficelle\/","title":{"rendered":"La Ficelle"},"content":{"rendered":"","protected":false},"excerpt":{"rendered":"<p>Cette c\u00e9l\u00e8bre nouvelle de Maupassant raconte l&rsquo;histoire d&rsquo;un paysan victime de la m\u00e9disance apr\u00e8s avoir ramass\u00e9 un bout de ficelle. Elle offre une critique mordante de la nature humaine et de la cruaut\u00e9 sociale dans les campagnes normandes.<\/p>\n","protected":false},"featured_media":0,"comment_status":"open","ping_status":"closed","template":"","meta":[],"product_brand":[],"product_cat":[201],"product_tag":[],"auteurs":[409],"class_list":["post-37539","product","type-product","status-publish","product_cat-litterature-classique-2","auteurs-guy-de-maupassant","first","instock","sale","shipping-taxable","purchasable","product-type-simple"],"_links":{"self":[{"href":"https:\/\/jamhra.com\/fr\/wp-json\/wp\/v2\/product\/37539","targetHints":{"allow":["GET"]}}],"collection":[{"href":"https:\/\/jamhra.com\/fr\/wp-json\/wp\/v2\/product"}],"about":[{"href":"https:\/\/jamhra.com\/fr\/wp-json\/wp\/v2\/types\/product"}],"replies":[{"embeddable":true,"href":"https:\/\/jamhra.com\/fr\/wp-json\/wp\/v2\/comments?post=37539"}],"wp:attachment":[{"href":"https:\/\/jamhra.com\/fr\/wp-json\/wp\/v2\/media?parent=37539"}],"wp:term":[{"taxonomy":"product_brand","embeddable":true,"href":"https:\/\/jamhra.com\/fr\/wp-json\/wp\/v2\/product_brand?post=37539"},{"taxonomy":"product_cat","embeddable":true,"href":"https:\/\/jamhra.com\/fr\/wp-json\/wp\/v2\/product_cat?post=37539"},{"taxonomy":"product_tag","embeddable":true,"href":"https:\/\/jamhra.com\/fr\/wp-json\/wp\/v2\/product_tag?post=37539"},{"taxonomy":"auteurs","embeddable":true,"href":"https:\/\/jamhra.com\/fr\/wp-json\/wp\/v2\/auteurs?post=37539"}],"curies":[{"name":"wp","href":"https:\/\/api.w.org\/{rel}","templated":true}]}}

<p>Cette célèbre nouvelle de Maupassant raconte l&rsquo;histoire d&rsquo;un paysan victime de la médisance après avoir ramassé un bout de ficelle. Elle offre une critique mordante de la nature humaine et de la cruauté sociale dans les campagnes normandes.</p>
