{"id":37379,"date":"2025-12-03T10:39:11","date_gmt":"2025-12-03T10:39:11","guid":{"rendered":"https:\/\/jamhra.com\/fr\/livres\/ce-que-parler-veut-dire\/"},"modified":"2025-12-03T10:39:11","modified_gmt":"2025-12-03T10:39:11","slug":"ce-que-parler-veut-dire","status":"publish","type":"product","link":"https:\/\/jamhra.com\/fr\/livre\/ce-que-parler-veut-dire\/","title":{"rendered":"Ce que parler veut dire"},"content":{"rendered":"","protected":false},"excerpt":{"rendered":"<p>Un texte majeur qui analyse la parole comme un instrument de pouvoir social et symbolique. Il montre comment les discours, loin d\u2019\u00eatre neutres, refl\u00e8tent des rapports de force et conditionnent notre place dans la soci\u00e9t\u00e9.<\/p>\n","protected":false},"featured_media":0,"comment_status":"open","ping_status":"closed","template":"","meta":[],"product_brand":[],"product_cat":[203],"product_tag":[],"auteurs":[444],"class_list":["post-37379","product","type-product","status-publish","product_cat-philosophie","auteurs-pierre-bourdieu","first","instock","sale","shipping-taxable","purchasable","product-type-simple"],"_links":{"self":[{"href":"https:\/\/jamhra.com\/fr\/wp-json\/wp\/v2\/product\/37379","targetHints":{"allow":["GET"]}}],"collection":[{"href":"https:\/\/jamhra.com\/fr\/wp-json\/wp\/v2\/product"}],"about":[{"href":"https:\/\/jamhra.com\/fr\/wp-json\/wp\/v2\/types\/product"}],"replies":[{"embeddable":true,"href":"https:\/\/jamhra.com\/fr\/wp-json\/wp\/v2\/comments?post=37379"}],"wp:attachment":[{"href":"https:\/\/jamhra.com\/fr\/wp-json\/wp\/v2\/media?parent=37379"}],"wp:term":[{"taxonomy":"product_brand","embeddable":true,"href":"https:\/\/jamhra.com\/fr\/wp-json\/wp\/v2\/product_brand?post=37379"},{"taxonomy":"product_cat","embeddable":true,"href":"https:\/\/jamhra.com\/fr\/wp-json\/wp\/v2\/product_cat?post=37379"},{"taxonomy":"product_tag","embeddable":true,"href":"https:\/\/jamhra.com\/fr\/wp-json\/wp\/v2\/product_tag?post=37379"},{"taxonomy":"auteurs","embeddable":true,"href":"https:\/\/jamhra.com\/fr\/wp-json\/wp\/v2\/auteurs?post=37379"}],"curies":[{"name":"wp","href":"https:\/\/api.w.org\/{rel}","templated":true}]}}

<p>Un texte majeur qui analyse la parole comme un instrument de pouvoir social et symbolique. Il montre comment les discours, loin d’être neutres, reflètent des rapports de force et conditionnent notre place dans la société.</p>
