{"id":36994,"date":"2025-12-03T10:36:59","date_gmt":"2025-12-03T10:36:59","guid":{"rendered":"https:\/\/jamhra.com\/fr\/livres\/communication-progressive-du-francais\/"},"modified":"2025-12-03T10:36:59","modified_gmt":"2025-12-03T10:36:59","slug":"communication-progressive-du-francais","status":"publish","type":"product","link":"https:\/\/jamhra.com\/fr\/livre\/communication-progressive-du-francais\/","title":{"rendered":"Communication progressive du fran\u00e7ais"},"content":{"rendered":"","protected":false},"excerpt":{"rendered":"<p>Am\u00e9liorez votre expression orale et \u00e9crite \u00e0 travers des situations de la vie quotidienne. Ce livre est con\u00e7u pour rendre la communication en fran\u00e7ais naturelle et fluide.<\/p>\n","protected":false},"featured_media":0,"comment_status":"open","ping_status":"closed","template":"","meta":[],"product_brand":[],"product_cat":[78],"product_tag":[],"auteurs":[126],"class_list":["post-36994","product","type-product","status-publish","product_cat-apprendre-le-francais","auteurs-claire-miquel","first","instock","sale","shipping-taxable","purchasable","product-type-simple"],"_links":{"self":[{"href":"https:\/\/jamhra.com\/fr\/wp-json\/wp\/v2\/product\/36994","targetHints":{"allow":["GET"]}}],"collection":[{"href":"https:\/\/jamhra.com\/fr\/wp-json\/wp\/v2\/product"}],"about":[{"href":"https:\/\/jamhra.com\/fr\/wp-json\/wp\/v2\/types\/product"}],"replies":[{"embeddable":true,"href":"https:\/\/jamhra.com\/fr\/wp-json\/wp\/v2\/comments?post=36994"}],"wp:attachment":[{"href":"https:\/\/jamhra.com\/fr\/wp-json\/wp\/v2\/media?parent=36994"}],"wp:term":[{"taxonomy":"product_brand","embeddable":true,"href":"https:\/\/jamhra.com\/fr\/wp-json\/wp\/v2\/product_brand?post=36994"},{"taxonomy":"product_cat","embeddable":true,"href":"https:\/\/jamhra.com\/fr\/wp-json\/wp\/v2\/product_cat?post=36994"},{"taxonomy":"product_tag","embeddable":true,"href":"https:\/\/jamhra.com\/fr\/wp-json\/wp\/v2\/product_tag?post=36994"},{"taxonomy":"auteurs","embeddable":true,"href":"https:\/\/jamhra.com\/fr\/wp-json\/wp\/v2\/auteurs?post=36994"}],"curies":[{"name":"wp","href":"https:\/\/api.w.org\/{rel}","templated":true}]}}

Communication progressive du français

<p>Améliorez votre expression orale et écrite à travers des situations de la vie quotidienne. Ce livre est conçu pour rendre la communication en français naturelle et fluide.</p>
